se 0 = -r*s - 3*s - 12. What is a(s)?
4
Let z(w) be the first derivative of w**3/3 + w**2 - 2*w - 7. Give z(-5).
13
Let k(b) = -5*b**2 + 5*b - 6. Let r(m) = m**2 + 1. Let h(a) = -k(a) - 4*r(a). Let q be 9/6*(-2 - -4). Give h(q).
-4
Let m(g) = -g**3 + 4*g**2 - 3*g. Let i be ((-9)/(-6) - 1)*8. Suppose 0 = 3*q + i*l - 14, 2*q - 4*l + 0*l = -24. Let u be ((-9)/6)/(q/4). Give m(u).
0
Let m(t) = 5*t + t**3 + 8*t + 5*t - 6*t**2 - 3 - 13*t. Calculate m(5).
-3
Suppose -1 = -z + 4. Let n(a) = a + 1. Let o(s) be the third derivative of -s**4/12 - s**3/6 - s**2. Let h(f) = 5*n(f) + 2*o(f). Give h(z).
8
Suppose 2*x + 1 = -5*i - 7, 5*i + 10 = 0. Let t(g) = -1. Let h(d) = -6*d + 5. Let v be 6/(-15) + 44/10. Let o(j) = v*t(j) + h(j). Give o(x).
-5
Let x(v) be the third derivative of v**5/60 + 5*v**4/12 - 4*v**3/3 + 10*v**2. Give x(-9).
-17
Let b(p) = -p**3 + 3*p**2 + p - 4. Let v = -2 - -5. Determine b(v).
-1
Let r = -12 - -14. Let f(u) = -u**3 + u**2 - 2*u + 2. What is f(r)?
-6
Let f(h) = -3*h + 0*h + h**2 + 2 - 3*h. Let z(b) = b**3 - 8*b**2 + 4. Let v be z(8). Suppose 6 = 3*j, -2*c = -3*j + v - 8. What is f(c)?
-3
Let y be 2 - (1 + -1*2). Let x(a) = 0*a**2 + 3*a - 5 + 0 + 4*a**2 - a**y. What is x(4)?
7
Let p(z) = z - 10. Let x(k) be the third derivative of k**6/120 + 2*k**5/15 - k**4/2 - 11*k**3/3 - 8*k**2. Let o be x(-9). Determine p(o).
-5
Let w = -4 - -14. Suppose 5*h + w + 0 = 0. Let y(l) = -l**3 + l**2 + 2*l + 1. Determine y(h).
9
Let u be (-10)/15 - (-39)/(-9)*1. Let m(y) = y**2 + 6*y + 7. What is m(u)?
2
Let j(w) = -w**3 + 2*w**2 + w + 7. Let p(t) = -t**2 + t. Let s(a) = -j(a) + 3*p(a). Let b = 27 + -7. Suppose 2*v = -5*o + b + 7, 0 = -5*o - 3*v + 28. Give s(o).
3
Let j(p) = p - 11. Suppose y = 3*z, -z + 4*y = 6*y. Give j(z).
-11
Let o(g) = -g + 4. Let m(u) = 0*u + 4 - 2*u + 3*u + u**2. Let r be (-4)/(-10) - 8/20. Let j be m(r). Calculate o(j).
0
Suppose 3*r - 6 = -3*o, -o = -2*r + 7*r + 10. Let v(p) = -3 - 6*p - 7*p**2 + 3*p**2 + 3*p**3 - 2*p**3. Determine v(o).
-8
Let r be 4 - -3 - 6 - (-1 - -3). Let i(q) = 5*q - 1. Calculate i(r).
-6
Let f(y) = -2 + 4 - 4 - 3*y + 0*y. Let n(m) = 3*m**2 + 4*m - 4. Let g(a) = -10*a**2 - 12*a + 13. Let z(j) = -2*g(j) - 7*n(j). Let s be z(-4). Give f(s).
-8
Let t = -6 + 9. Suppose -2*y + 5 = -5*j + 27, 2*j - 5 = -3*y. Let d(r) = r. Let u(w) = w**3 - 2*w**2 - 6*w - 2. Let x(o) = y*u(o) - 5*d(o). Give x(t).
-4
Let a(q) = -q. Let w = 15 - 12. Suppose o = -o + v - 1, 0 = -w*o - 5*v + 5. What is a(o)?
0
Let z be 34/6 + 2/(-3). Suppose -z*a + 0*a = -20. Let q(b) = -2 - b - 2*b + 2*b + 3*b. Calculate q(a).
6
Let u(z) = z**2 + 9*z + 3. Let n(m) = -m**3 + 5*m**2 - 7*m + 5. Let h be n(4). Calculate u(h).
-11
Let g(h) = 3*h**2 + 1. Let s(i) = i**2. Let x(w) = 2*g(w) - 7*s(w). Suppose -5*f = -2*f. What is x(f)?
2
Let n(x) = -6*x - 14. Let v(s) = 11*s + 26. Let p(l) = -7*n(l) - 4*v(l). What is p(-5)?
4
Let y(c) = -c**2 + 7*c - 4. Let q(t) = 2*t + 31. Let m be q(-13). Determine y(m).
6
Let l be (-1)/(-1) + (-2)/(-1). Suppose r - l*r = 6. Let f(w) be the second derivative of w**3/6 + 2*w**2 - 4*w. Determine f(r).
1
Let j(u) = u - 4. Let f(h) = -1. Let c(k) = k - 5. Let a(y) = c(y) - 4*f(y). Let g be a(6). Calculate j(g).
1
Let m(j) be the second derivative of -1/10*j**5 + 2*j + 1/12*j**4 + 0 + 0*j**2 + 1/3*j**3. Give m(2).
-8
Suppose a + 5 + 8 = -3*x, 0 = 5*x + 4*a + 31. Let u(q) = 4*q + 2. Give u(x).
-10
Let n(i) = -i**3 + 5*i**2 - 4*i + 6. Let b = 1 + 8. Let x = b - 5. Calculate n(x).
6
Suppose -5*v = -u + 4 - 11, -v = 0. Let c(o) = o**2 + 9*o. Calculate c(u).
-14
Let l = -190 - -194. Let a(x) = x**3 - 5*x**2 + x + 5. Calculate a(l).
-7
Let q = 1 - 6. Suppose 0 = -c - r + 6, -c + 0*c - 5*r = -18. Let g(h) = 2*h - 4. Let t(l) = 5*l - 11. Let f(v) = c*t(v) - 8*g(v). Calculate f(q).
4
Let o be -2 + 3 + (-1 - -2). Let x(m) be the first derivative of -2/3*m**3 - 2*m + 3/2*m**2 + 1. Give x(o).
-4
Let s(t) = -t - 5. Let w(z) = z + 5. Let m(k) = -3*k + 3. Let g be m(2). Let r(f) = g*w(f) - 2*s(f). What is r(-5)?
0
Let n(c) = c + 1. Let v(k) = -k**2 + k + 9. Let t(s) = -6*n(s) + v(s). Determine t(-5).
3
Let q(s) = -s**2 - 8*s - 2. Let o(a) = a**2 + 12*a + 12. Let d be o(-10). Determine q(d).
-2
Let t = 6 + -5. Let q(s) = -s**2 + 5*s - 4. Let k be q(5). Let z = t + k. Let v(y) = y**2 + 2*y + 2. What is v(z)?
5
Let c(f) = 2*f**2 - 2*f. Let d(x) = x**3 + 10*x**2 + 10*x + 11. Let h be d(-9). Give c(h).
4
Let n = 29 + -28. Let i be (4/(-6))/((-4)/6). Let y(x) = 0*x + x**2 + 0*x - i. What is y(n)?
0
Let x(z) = 8*z**3 + 7*z**2 + 16*z + 2. Let u(l) = -3*l**3 - 2*l**2 - 5*l - 1. Let m(w) = 11*u(w) + 4*x(w). Give m(7).
11
Let u(z) = 7*z + 7. Suppose -16 = -2*b + 4*b - 4*m, 18 = 4*b + 2*m. Let q(x) = b*x - 3 - 5*x + 0*x. Let g(a) = -5*q(a) - 2*u(a). Determine g(5).
6
Suppose 5*t - 7 = 3. Let c(p) = -11*p + 13*p + 7 - t. Calculate c(-5).
-5
Let p(s) = s**2 - 4*s + 4. Let v(n) = -n**2 + 3*n - 3. Let k(l) = 4*p(l) + 5*v(l). Let r(o) = -3*o**2 + 2. Let f(w) = -k(w) + r(w). Calculate f(-1).
-2
Suppose -6*j + 4*j + 4 = 0. Let c(h) = -5*h**2 + h + 0*h**2 - 10*h**3 + 4*h**j + 1. What is c(-1)?
9
Suppose 3*t = 4*y + 13, -2*t - 3 = t. Let i(d) be the third derivative of -d**5/60 - d**4/8 - 2*d**3/3 + 7*d**2. What is i(y)?
-8
Let c(f) = -f**3 + 129*f + 4*f**2 + 4 - 135*f + 2*f**3. Give c(-5).
9
Let b be ((-11)/33)/(2/6). Let o be 0/(-3 - b/1). Let s(q) be the first derivative of -q**2/2 - 2*q - 1. Give s(o).
-2
Let b(z) = -z**2 - z + 2. Let t = 0 + 0. Let g(f) = -3*f + 2*f + 2 + t*f. Let u be g(5). Determine b(u).
-4
Let k(u) = -7*u**2 - 20*u - 19. Let a(s) = -10*s**2 - 30*s - 28. Let j(z) = -5*a(z) + 7*k(z). Determine j(-10).
7
Suppose 27 = 5*v + 2. Let q(m) be the second derivative of -m**3/6 - m**2/2 - 4*m. Determine q(v).
-6
Let u(o) be the third derivative of -o**6/240 + o**5/40 - o**4/24 - 2*o**2. Let l(i) be the second derivative of u(i). What is l(3)?
-6
Let n(u) = u - 8. Let l(a) = -a**2 - 5*a + 1. Let d(i) = -6*i**2 - 25*i + 6. Let o(s) = -2*d(s) + 11*l(s). Let v be o(6). Calculate n(v).
-3
Let d(j) = -5*j + 2 + 0 - 5 - j**2. Let b be (-4)/18 - 102/27. Determine d(b).
1
Let h(v) = -v**2 + 9*v - 9. Let i be (-31 - -28) + 1 + (8 - -1). What is h(i)?
5
Let z(g) = 4*g**3 + 11*g**2 + 14*g + 11. Let v(t) = -t**3 - t + 1. Let u(a) = -3*v(a) - z(a). Let j be u(-10). Let i(d) = -d**2 - 4*d - 3. What is i(j)?
-3
Let c(z) = -57*z - 33. Let d(h) = -7*h - 4. Let j(o) = -4*c(o) + 33*d(o). Determine j(-3).
9
Let v(u) = -u**3 + 4*u**2 + 5*u - 6. Let f(n) = n + 4. Let t be f(0). Suppose 3*z + 5*l = 30, -t*z - z + 22 = -l. Give v(z).
-6
Let o(b) = -4*b**2 + 8*b + 0*b**2 + 3*b**2 - 7. Suppose 0 = -3*y - 3 + 12. Suppose -4*j - 3*z - z = -4, 0 = 3*j - y*z - 27. What is o(j)?
8
Let t(j) = j**3 + 3*j**2 - 3*j + 4. Suppose -k = 4*o + 9, 0 = 2*o + 4*k - 2*k. Give t(o).
13
Let y(m) = 3*m - 29. Suppose 0 = 2*d + 2*c + 34, -d - d + c = 34. Let k(u) = -u + 10. Let a(n) = d*k(n) - 6*y(n). Suppose i = -3, q = -4*i - 3 - 5. Give a(q).
0
Suppose 2 - 6 = -2*g. Let u(o) = g + 3 + o + 0. What is u(0)?
5
Let l(j) be the first derivative of 2*j**3/3 - 3*j**2/2 - 2*j + 28. Calculate l(-2).
12
Suppose x + v - 1 = -0*v, 3*x + 17 = v. Let h(t) be the second derivative of 0*t**2 - 1/6*t**3 + 0 - 2*t. Determine h(x).
4
Let d(j) = -3*j + 18. Let w be d(6). Let i(q) = q**3 + q**2 - q + 8. Calculate i(w).
8
Let x = -12 + 6. Let r(c) = -c**2 - 7*c + 7. Give r(x).
13
Suppose 3*w - 2 = 10. Let p(f) = 0 - f - 1 + 4*f - w*f. Calculate p(-7).
6
Suppose 0 = 5*o + 6*o - 44. Let l(d) be the second derivative of -d**3/2 - d**2 + d. What is l(o)?
-14
Suppose 2*h + 44 = 38. Suppose 11 = -4*f - 5. Let x = h - f. Let m(r) = -8*r + 1. Determine m(x).
-7
Suppose -2*i = 2*o, -2*i - 7 = -5*o - 0*o. Let b(m) = 16*m**3 - 5*m**2 - 6*m + 5. Let y(u) = u**3 - u**2 - u + 1. Let w(h) = i*b(h) + 6*y(h). What is w(-1)?
10
Suppose -2*j + z = 8, -3*z + 9 + 5 = -4*j. Let n(r) = -r - 4 + r**2 - 5*r**2 + r**3 + 7*r**2 + 2*r**2. Determine n(j).
1
Let f be -1*(-1 - 2 - 1). Let v(u) = -5*u + u - f*u**2 + 5*u**2 - 2 - 5. Determine v(5).
-2
Let h(v) be the third derivative of 0 + 0*v - 1/3*v**4 + 0*v**3 + v**2. Give h(1).
-8
Suppose 28*b - 31*b = 0. Let y(k) = -5*k**2 - 3*k - 9. Let f(i) = i**2 + i. Let z = 0 - -1. Let g(j) = z*